{"id":1582,"date":"2019-09-26T09:28:42","date_gmt":"2019-09-26T08:28:42","guid":{"rendered":"http:\/\/promotion-quarre-morvan.fr\/?page_id=1582"},"modified":"2023-04-12T16:05:30","modified_gmt":"2023-04-12T15:05:30","slug":"2019-chataigne","status":"publish","type":"page","link":"http:\/\/promotion-quarre-morvan.fr\/index.php\/fete-de-la-chataigne\/2019-chataigne\/","title":{"rendered":"2019 &#8211; Ch\u00e2taigne"},"content":{"rendered":"\t\t<div data-elementor-type=\"wp-page\" data-elementor-id=\"1582\" class=\"elementor elementor-1582\">\n\t\t\t\t\t\t<section class=\"elementor-section elementor-top-section elementor-element elementor-element-28242742 elementor-section-boxed elementor-section-height-default elementor-section-height-default\" data-id=\"28242742\" data-element_type=\"section\">\n\t\t\t\t\t\t<div class=\"elementor-container elementor-column-gap-default\">\n\t\t\t\t\t<div class=\"elementor-column elementor-col-100 elementor-top-column elementor-element elementor-element-7f7a53f9\" data-id=\"7f7a53f9\" data-element_type=\"column\">\n\t\t\t<div class=\"elementor-widget-wrap elementor-element-populated\">\n\t\t\t\t\t\t<div class=\"elementor-element elementor-element-f3768e7 elementor-widget elementor-widget-heading\" data-id=\"f3768e7\" data-element_type=\"widget\" data-widget_type=\"heading.default\">\n\t\t\t\t<div class=\"elementor-widget-container\">\n\t\t\t\t\t<h2 class=\"elementor-heading-title elementor-size-default\">F\u00eate de la Ch\u00e2taigne - \u00e9dition 2019<\/h2>\t\t\t\t<\/div>\n\t\t\t\t<\/div>\n\t\t\t\t<section class=\"elementor-section elementor-inner-section elementor-element elementor-element-4778bd6 elementor-section-boxed elementor-section-height-default elementor-section-height-default\" data-id=\"4778bd6\" data-element_type=\"section\">\n\t\t\t\t\t\t<div class=\"elementor-container elementor-column-gap-default\">\n\t\t\t\t\t<div class=\"elementor-column elementor-col-50 elementor-inner-column elementor-element elementor-element-0393b58\" data-id=\"0393b58\" data-element_type=\"column\">\n\t\t\t<div class=\"elementor-widget-wrap elementor-element-populated\">\n\t\t\t\t\t\t<div class=\"elementor-element elementor-element-6b87ba3 elementor-widget elementor-widget-text-editor\" data-id=\"6b87ba3\" data-element_type=\"widget\" data-widget_type=\"text-editor.default\">\n\t\t\t\t<div class=\"elementor-widget-container\">\n\t\t\t\t\t\t\t\t\t\n<figure class=\"wp-block-image\"><img fetchpriority=\"high\" decoding=\"async\" width=\"747\" height=\"1024\" class=\"wp-image-1575\" src=\"http:\/\/promotion-quarre-morvan.fr\/wp-content\/uploads\/2019\/09\/2019-chataigne-A4-747x1024.jpg\" alt=\"\" srcset=\"http:\/\/promotion-quarre-morvan.fr\/wp-content\/uploads\/2019\/09\/2019-chataigne-A4-747x1024.jpg 747w, http:\/\/promotion-quarre-morvan.fr\/wp-content\/uploads\/2019\/09\/2019-chataigne-A4-219x300.jpg 219w, http:\/\/promotion-quarre-morvan.fr\/wp-content\/uploads\/2019\/09\/2019-chataigne-A4-768x1053.jpg 768w, http:\/\/promotion-quarre-morvan.fr\/wp-content\/uploads\/2019\/09\/2019-chataigne-A4-88x120.jpg 88w, http:\/\/promotion-quarre-morvan.fr\/wp-content\/uploads\/2019\/09\/2019-chataigne-A4.jpg 1386w\" sizes=\"(max-width: 747px) 100vw, 747px\" \/><\/figure>\n\n\n\n<p style=\"text-align: center;\">\u00a0<\/p>\n\n\n\n<p class=\"has-large-font-size\" style=\"text-align: center;\">\u00a0<\/p>\n\t\t\t\t\t\t\t\t<\/div>\n\t\t\t\t<\/div>\n\t\t\t\t\t<\/div>\n\t\t<\/div>\n\t\t\t\t<div class=\"elementor-column elementor-col-50 elementor-inner-column elementor-element elementor-element-3dcf793\" data-id=\"3dcf793\" data-element_type=\"column\">\n\t\t\t<div class=\"elementor-widget-wrap elementor-element-populated\">\n\t\t\t\t\t\t<div class=\"elementor-element elementor-element-b06fdee elementor-widget elementor-widget-text-editor\" data-id=\"b06fdee\" data-element_type=\"widget\" data-widget_type=\"text-editor.default\">\n\t\t\t\t<div class=\"elementor-widget-container\">\n\t\t\t\t\t\t\t\t\t<ul>\n<li><strong>Des animations pour enfants<\/strong> :\n<ul>\n<li>jeux de massacre<\/li>\n<li>p\u00eache aux cadeaux<\/li>\n<\/ul>\n<\/li>\n<li><strong>Samedi 19\/10 apr\u00e8s midi de 13h \u00e0 17H30 avec le Parc du Morvan <\/strong>: reconnaissance des animaux et des arbres de nos for\u00eats avec des jeux et sur le site du parc. Les parents sont invit\u00e9s \u00e0 participer. Gratuit<\/li>\n<\/ul>\n<p><!-- \/wp:list --><!-- wp:list --><\/p>\n<ul>\n<li><strong>Samedi 19 toute la journ\u00e9e <\/strong>: venez apprendre tout ce que vous souhaitez conna\u00eetre sur le tri des d\u00e9chets et le recyclage avec la participation de la <a href=\"https:\/\/cc-avm.com\/\">CCAVM<\/a>. Gratuit<\/li>\n<\/ul>\n<p><!-- \/wp:list --><!-- wp:list --><\/p>\n<ul>\n<li><strong>Samedi 19 et dimanche 20 de 10h \u00e0 18h <\/strong>dans la salle polyvalente laissez vos enfants \u00e0 <strong>LudoQuarr\u00e9 <\/strong>: un espace avec des jeux de soci\u00e9t\u00e9 pour petits et grands, des coloriages cr\u00e9atifs pour les enfants et c&rsquo;est gratuit<\/li>\n<\/ul>\n<p style=\"text-align: center;\">\u00a0<\/p>\n<!-- \/wp:paragraph -->\t\t\t\t\t\t\t\t<\/div>\n\t\t\t\t<\/div>\n\t\t\t\t\t<\/div>\n\t\t<\/div>\n\t\t\t\t\t<\/div>\n\t\t<\/section>\n\t\t\t\t<div class=\"elementor-element elementor-element-9ce2414 elementor-widget elementor-widget-text-editor\" data-id=\"9ce2414\" data-element_type=\"widget\" data-widget_type=\"text-editor.default\">\n\t\t\t\t<div class=\"elementor-widget-container\">\n\t\t\t\t\t\t\t\t\t<!-- wp:image {\"id\":1620} -->\n<figure class=\"wp-block-image\">\n<p>RESTAURATION<\/p>\n<!-- wp:paragraph -->\n<p>Pour vous restaurer sur le site de la f\u00eate de la ch\u00e2taigne, vous avez le choix entre les bars (g\u00e9r\u00e9s par l&rsquo;association Promotion Quarr\u00e9 Morvan) et le repas en salle polyvalente pr\u00e9par\u00e9 par le cuisinier traiteur PBT avec la participation des producteurs pr\u00e9sents sur le site<\/p>\n<!-- \/wp:paragraph --><!-- wp:paragraph {\"fontSize\":\"medium\"} -->\n<p class=\"has-medium-font-size\"><strong>MENU A 22\u20ac sur r\u00e9servation <\/strong>:<\/p>\n<!-- \/wp:paragraph --><!-- wp:paragraph {\"align\":\"center\",\"fontSize\":\"medium\"} -->\n<p class=\"has-medium-font-size\">Mich\u00e8le : 03 86 32 50 57<\/p>\n<!-- \/wp:paragraph --><!-- wp:paragraph {\"align\":\"center\",\"fontSize\":\"medium\"} -->\n<p class=\"has-medium-font-size\">resa-chataigne@promotion-quarre-morvan.fr<\/p>\n<!-- \/wp:paragraph --><!-- wp:paragraph {\"align\":\"center\"} -->\n<p>&#8212;&#8212;&#8212;&#8212;&#8212;&#8212;&#8212;&#8212;&#8212;&#8212;&#8212;&#8212;&#8212;&#8212;&#8212;&#8212;&#8212;-<\/p>\n<!-- \/wp:paragraph --><!-- wp:paragraph -->\n<p><strong>Entr\u00e9es <\/strong><\/p>\n<!-- \/wp:paragraph --><!-- wp:paragraph -->\n<p><strong>\u00a0\u00a0\u00a0\u00a0\u00a0\u00a0\u00a0\u00a0\u00a0\u00a0\u00a0 <\/strong>Cassolette d\u2019escargots en meurette<\/p>\n<!-- \/wp:paragraph --><!-- wp:paragraph -->\n<p>\u00a0\u00a0\u00a0\u00a0\u00a0\u00a0\u00a0\u00a0\u00a0\u00a0\u00a0 Rillettes de truite aux ch\u00e2taignes<\/p>\n<!-- \/wp:paragraph --><!-- wp:paragraph -->\n<p>\u00a0\u00a0\u00a0\u00a0\u00a0\u00a0\u00a0\u00a0\u00a0\u00a0\u00a0 Terrine de campagne aux ch\u00e2taignes et au miel<\/p>\n<!-- \/wp:paragraph --><!-- wp:paragraph -->\n<p><strong>Plats <\/strong><\/p>\n<!-- \/wp:paragraph --><!-- wp:paragraph -->\n<p>\u00a0\u00a0\u00a0\u00a0\u00a0\u00a0\u00a0\u00a0\u00a0\u00a0\u00a0 Le bourguignon de grand-m\u00e8re Mar\u00e9chal, ch\u00e2taignes r\u00f4ties, pommes saut\u00e9es<\/p>\n<!-- \/wp:paragraph --><!-- wp:paragraph -->\n<p>\u00a0\u00a0\u00a0\u00a0\u00a0\u00a0\u00a0\u00a0\u00a0\u00a0\u00a0 Fricass\u00e9e de canard \u00a0ch\u00e2taignes r\u00f4ties, pommes saut\u00e9es<\/p>\n<!-- \/wp:paragraph --><!-- wp:paragraph -->\n<p>\u00a0\u00a0\u00a0\u00a0\u00a0\u00a0\u00a0\u00a0\u00a0\u00a0\u00a0 Navarin d\u2019agneau ch\u00e2taignes r\u00f4ties et pur\u00e9e de carottes<\/p>\n<!-- \/wp:paragraph --><!-- wp:paragraph -->\n<p><strong>Fromages assiette<\/strong><\/p>\n<!-- \/wp:paragraph --><!-- wp:paragraph -->\n<p>\u00a0\u00a0\u00a0\u00a0\u00a0\u00a0\u00a0\u00a0\u00a0\u00a0\u00a0 1 fromage de vache &#8211; 1 fromage de brebis \u2013 1 tome<\/p>\n<!-- \/wp:paragraph --><!-- wp:paragraph -->\n<p><strong>Desserts <\/strong><\/p>\n<!-- \/wp:paragraph --><!-- wp:paragraph -->\n<p>\u00a0\u00a0\u00a0\u00a0\u00a0\u00a0\u00a0\u00a0\u00a0\u00a0\u00a0 Tarte aux pommes et tarte aux prunes \u00a0\u00a0\u00a0\u00a0\u00a0\u00a0\u00a0\u00a0\u00a0\u00a0\u00a0 Moelleux chocolat\u00a0\u00a0\u00a0\u00a0\u00a0<\/p>\n<!-- \/wp:paragraph --><!-- wp:heading {\"level\":4,\"align\":\"center\"} -->\n<h4>&#8212;&#8212;&#8212;&#8212;&#8212;&#8212;&#8212;&#8212;&#8212;&#8212;&#8212;&#8212;&#8212;&#8211;<\/h4>\n<!-- \/wp:heading --><!-- wp:paragraph {\"textColor\":\"vivid-red\",\"fontSize\":\"medium\"} -->\n<p class=\"has-text-color has-medium-font-size has-vivid-red-color\"><strong>ATTENTION : la demande \u00e9tant importante les r\u00e9servations ne sont maintenues que 20mn <\/strong><\/p>\n<!-- \/wp:paragraph --><!-- wp:paragraph {\"align\":\"center\"} -->\n<p>\u00a0<\/p>\n<!-- \/wp:paragraph --><!-- wp:paragraph {\"align\":\"center\"} -->\n<p>\u00a0<\/p>\n<img decoding=\"async\" width=\"724\" height=\"1024\" class=\"wp-image-1620\" src=\"http:\/\/promotion-quarre-morvan.fr\/wp-content\/uploads\/2019\/09\/WEB-2019-PRODUCTEURS-page-1-2-724x1024.jpg\" alt=\"\" srcset=\"http:\/\/promotion-quarre-morvan.fr\/wp-content\/uploads\/2019\/09\/WEB-2019-PRODUCTEURS-page-1-2-724x1024.jpg 724w, http:\/\/promotion-quarre-morvan.fr\/wp-content\/uploads\/2019\/09\/WEB-2019-PRODUCTEURS-page-1-2-212x300.jpg 212w, http:\/\/promotion-quarre-morvan.fr\/wp-content\/uploads\/2019\/09\/WEB-2019-PRODUCTEURS-page-1-2-768x1086.jpg 768w, http:\/\/promotion-quarre-morvan.fr\/wp-content\/uploads\/2019\/09\/WEB-2019-PRODUCTEURS-page-1-2-85x120.jpg 85w, http:\/\/promotion-quarre-morvan.fr\/wp-content\/uploads\/2019\/09\/WEB-2019-PRODUCTEURS-page-1-2.jpg 1240w\" sizes=\"(max-width: 724px) 100vw, 724px\" \/><\/figure>\n<!-- \/wp:image --><!-- wp:image {\"id\":1621} -->\n<figure class=\"wp-block-image\"><img decoding=\"async\" width=\"724\" height=\"1024\" class=\"wp-image-1621\" src=\"http:\/\/promotion-quarre-morvan.fr\/wp-content\/uploads\/2019\/09\/WEB-2019-PRODUCTEURS-page-2-3-724x1024.jpg\" alt=\"\" srcset=\"http:\/\/promotion-quarre-morvan.fr\/wp-content\/uploads\/2019\/09\/WEB-2019-PRODUCTEURS-page-2-3-724x1024.jpg 724w, http:\/\/promotion-quarre-morvan.fr\/wp-content\/uploads\/2019\/09\/WEB-2019-PRODUCTEURS-page-2-3-212x300.jpg 212w, http:\/\/promotion-quarre-morvan.fr\/wp-content\/uploads\/2019\/09\/WEB-2019-PRODUCTEURS-page-2-3-768x1086.jpg 768w, http:\/\/promotion-quarre-morvan.fr\/wp-content\/uploads\/2019\/09\/WEB-2019-PRODUCTEURS-page-2-3-85x120.jpg 85w, http:\/\/promotion-quarre-morvan.fr\/wp-content\/uploads\/2019\/09\/WEB-2019-PRODUCTEURS-page-2-3.jpg 1240w\" sizes=\"(max-width: 724px) 100vw, 724px\" \/><\/figure>\n<!-- \/wp:image --><!-- wp:image {\"id\":1622} -->\n<figure class=\"wp-block-image\"><img loading=\"lazy\" decoding=\"async\" width=\"724\" height=\"1024\" class=\"wp-image-1622\" src=\"http:\/\/promotion-quarre-morvan.fr\/wp-content\/uploads\/2019\/09\/WEB-2019-PRODUCTEURS-page-3-3-724x1024.jpg\" alt=\"\" srcset=\"http:\/\/promotion-quarre-morvan.fr\/wp-content\/uploads\/2019\/09\/WEB-2019-PRODUCTEURS-page-3-3-724x1024.jpg 724w, http:\/\/promotion-quarre-morvan.fr\/wp-content\/uploads\/2019\/09\/WEB-2019-PRODUCTEURS-page-3-3-212x300.jpg 212w, http:\/\/promotion-quarre-morvan.fr\/wp-content\/uploads\/2019\/09\/WEB-2019-PRODUCTEURS-page-3-3-768x1086.jpg 768w, http:\/\/promotion-quarre-morvan.fr\/wp-content\/uploads\/2019\/09\/WEB-2019-PRODUCTEURS-page-3-3-85x120.jpg 85w, http:\/\/promotion-quarre-morvan.fr\/wp-content\/uploads\/2019\/09\/WEB-2019-PRODUCTEURS-page-3-3.jpg 1240w\" sizes=\"(max-width: 724px) 100vw, 724px\" \/><\/figure>\n<!-- \/wp:image --><!-- wp:image {\"id\":1623} -->\n<figure class=\"wp-block-image\"><img loading=\"lazy\" decoding=\"async\" width=\"724\" height=\"1024\" class=\"wp-image-1623\" src=\"http:\/\/promotion-quarre-morvan.fr\/wp-content\/uploads\/2019\/09\/WEB-2019-PRODUCTEURS-page-4-3-724x1024.jpg\" alt=\"\" srcset=\"http:\/\/promotion-quarre-morvan.fr\/wp-content\/uploads\/2019\/09\/WEB-2019-PRODUCTEURS-page-4-3-724x1024.jpg 724w, http:\/\/promotion-quarre-morvan.fr\/wp-content\/uploads\/2019\/09\/WEB-2019-PRODUCTEURS-page-4-3-212x300.jpg 212w, http:\/\/promotion-quarre-morvan.fr\/wp-content\/uploads\/2019\/09\/WEB-2019-PRODUCTEURS-page-4-3-768x1086.jpg 768w, http:\/\/promotion-quarre-morvan.fr\/wp-content\/uploads\/2019\/09\/WEB-2019-PRODUCTEURS-page-4-3-85x120.jpg 85w, http:\/\/promotion-quarre-morvan.fr\/wp-content\/uploads\/2019\/09\/WEB-2019-PRODUCTEURS-page-4-3.jpg 1240w\" sizes=\"(max-width: 724px) 100vw, 724px\" \/><\/figure>\n<!-- \/wp:image --><!-- wp:image {\"id\":1624} -->\n<figure class=\"wp-block-image\"><img loading=\"lazy\" decoding=\"async\" width=\"724\" height=\"1024\" class=\"wp-image-1624\" src=\"http:\/\/promotion-quarre-morvan.fr\/wp-content\/uploads\/2019\/09\/WEB-2019-PRODUCTEURS-page-5-3-724x1024.jpg\" alt=\"\" srcset=\"http:\/\/promotion-quarre-morvan.fr\/wp-content\/uploads\/2019\/09\/WEB-2019-PRODUCTEURS-page-5-3-724x1024.jpg 724w, http:\/\/promotion-quarre-morvan.fr\/wp-content\/uploads\/2019\/09\/WEB-2019-PRODUCTEURS-page-5-3-212x300.jpg 212w, http:\/\/promotion-quarre-morvan.fr\/wp-content\/uploads\/2019\/09\/WEB-2019-PRODUCTEURS-page-5-3-768x1086.jpg 768w, http:\/\/promotion-quarre-morvan.fr\/wp-content\/uploads\/2019\/09\/WEB-2019-PRODUCTEURS-page-5-3-85x120.jpg 85w, http:\/\/promotion-quarre-morvan.fr\/wp-content\/uploads\/2019\/09\/WEB-2019-PRODUCTEURS-page-5-3.jpg 1240w\" sizes=\"(max-width: 724px) 100vw, 724px\" \/><\/figure>\n<!-- \/wp:image -->\n<p>\u00a0<\/p>\t\t\t\t\t\t\t\t<\/div>\n\t\t\t\t<\/div>\n\t\t\t\t\t<\/div>\n\t\t<\/div>\n\t\t\t\t\t<\/div>\n\t\t<\/section>\n\t\t\t\t<\/div>\n\t\t","protected":false},"excerpt":{"rendered":"<p>F\u00eate de la Ch\u00e2taigne &#8211; \u00e9dition 2019 \u00a0 \u00a0 Des animations pour enfants : jeux de massacre p\u00eache aux cadeaux Samedi 19\/10 apr\u00e8s midi de 13h \u00e0 17H30 avec le Parc du Morvan : reconnaissance des animaux et des arbres de nos for\u00eats avec des jeux et sur le site du parc. Les parents sont [&hellip;]<\/p>\n","protected":false},"author":5380,"featured_media":0,"parent":1562,"menu_order":0,"comment_status":"closed","ping_status":"closed","template":"elementor_header_footer","meta":{"footnotes":""},"class_list":["post-1582","page","type-page","status-publish","hentry"],"_links":{"self":[{"href":"http:\/\/promotion-quarre-morvan.fr\/index.php\/wp-json\/wp\/v2\/pages\/1582","targetHints":{"allow":["GET"]}}],"collection":[{"href":"http:\/\/promotion-quarre-morvan.fr\/index.php\/wp-json\/wp\/v2\/pages"}],"about":[{"href":"http:\/\/promotion-quarre-morvan.fr\/index.php\/wp-json\/wp\/v2\/types\/page"}],"author":[{"embeddable":true,"href":"http:\/\/promotion-quarre-morvan.fr\/index.php\/wp-json\/wp\/v2\/users\/5380"}],"replies":[{"embeddable":true,"href":"http:\/\/promotion-quarre-morvan.fr\/index.php\/wp-json\/wp\/v2\/comments?post=1582"}],"version-history":[{"count":7,"href":"http:\/\/promotion-quarre-morvan.fr\/index.php\/wp-json\/wp\/v2\/pages\/1582\/revisions"}],"predecessor-version":[{"id":2201,"href":"http:\/\/promotion-quarre-morvan.fr\/index.php\/wp-json\/wp\/v2\/pages\/1582\/revisions\/2201"}],"up":[{"embeddable":true,"href":"http:\/\/promotion-quarre-morvan.fr\/index.php\/wp-json\/wp\/v2\/pages\/1562"}],"wp:attachment":[{"href":"http:\/\/promotion-quarre-morvan.fr\/index.php\/wp-json\/wp\/v2\/media?parent=1582"}],"curies":[{"name":"wp","href":"https:\/\/api.w.org\/{rel}","templated":true}]}}