{"id":1856,"date":"2021-10-11T10:51:15","date_gmt":"2021-10-11T09:51:15","guid":{"rendered":"http:\/\/promotion-quarre-morvan.fr\/?page_id=1856"},"modified":"2023-04-12T15:46:16","modified_gmt":"2023-04-12T14:46:16","slug":"chataigne-2021","status":"publish","type":"page","link":"http:\/\/promotion-quarre-morvan.fr\/index.php\/chataigne-2021\/","title":{"rendered":"2021 &#8211; F\u00eate de la Ch\u00e2taigne"},"content":{"rendered":"\t\t<div data-elementor-type=\"wp-page\" data-elementor-id=\"1856\" class=\"elementor elementor-1856\">\n\t\t\t\t\t\t<section class=\"elementor-section elementor-top-section elementor-element elementor-element-2562156 elementor-section-boxed elementor-section-height-default elementor-section-height-default\" data-id=\"2562156\" data-element_type=\"section\">\n\t\t\t\t\t\t<div class=\"elementor-container elementor-column-gap-default\">\n\t\t\t\t\t<div class=\"elementor-column elementor-col-100 elementor-top-column elementor-element elementor-element-2f8dfdc3\" data-id=\"2f8dfdc3\" data-element_type=\"column\">\n\t\t\t<div class=\"elementor-widget-wrap elementor-element-populated\">\n\t\t\t\t\t\t<div class=\"elementor-element elementor-element-51a5dbe7 elementor-widget elementor-widget-text-editor\" data-id=\"51a5dbe7\" data-element_type=\"widget\" data-widget_type=\"text-editor.default\">\n\t\t\t\t<div class=\"elementor-widget-container\">\n\t\t\t\t\t\t\t\t\t\n<figure class=\"wp-block-image size-large\"><img fetchpriority=\"high\" decoding=\"async\" width=\"724\" height=\"1024\" src=\"http:\/\/promotion-quarre-morvan.fr\/wp-content\/uploads\/2021\/10\/Affiche_2021_avec-traiteur-diminuee-1-724x1024.jpg\" alt=\"\" class=\"wp-image-1863\" srcset=\"http:\/\/promotion-quarre-morvan.fr\/wp-content\/uploads\/2021\/10\/Affiche_2021_avec-traiteur-diminuee-1-724x1024.jpg 724w, http:\/\/promotion-quarre-morvan.fr\/wp-content\/uploads\/2021\/10\/Affiche_2021_avec-traiteur-diminuee-1-212x300.jpg 212w, http:\/\/promotion-quarre-morvan.fr\/wp-content\/uploads\/2021\/10\/Affiche_2021_avec-traiteur-diminuee-1-768x1086.jpg 768w, http:\/\/promotion-quarre-morvan.fr\/wp-content\/uploads\/2021\/10\/Affiche_2021_avec-traiteur-diminuee-1-1086x1536.jpg 1086w, http:\/\/promotion-quarre-morvan.fr\/wp-content\/uploads\/2021\/10\/Affiche_2021_avec-traiteur-diminuee-1-1448x2048.jpg 1448w, http:\/\/promotion-quarre-morvan.fr\/wp-content\/uploads\/2021\/10\/Affiche_2021_avec-traiteur-diminuee-1-85x120.jpg 85w, http:\/\/promotion-quarre-morvan.fr\/wp-content\/uploads\/2021\/10\/Affiche_2021_avec-traiteur-diminuee-1-scaled.jpg 1811w\" sizes=\"(max-width: 724px) 100vw, 724px\" \/><\/figure>\n\t\t\t\t\t\t\t\t<\/div>\n\t\t\t\t<\/div>\n\t\t\t\t<div class=\"elementor-element elementor-element-3370f95 elementor-widget elementor-widget-toggle\" data-id=\"3370f95\" data-element_type=\"widget\" data-widget_type=\"toggle.default\">\n\t\t\t\t<div class=\"elementor-widget-container\">\n\t\t\t\t\t\t\t<div class=\"elementor-toggle\">\n\t\t\t\t\t\t\t<div class=\"elementor-toggle-item\">\n\t\t\t\t\t<div id=\"elementor-tab-title-5391\" class=\"elementor-tab-title\" data-tab=\"1\" role=\"button\" aria-controls=\"elementor-tab-content-5391\" aria-expanded=\"false\">\n\t\t\t\t\t\t\t\t\t\t\t\t<span class=\"elementor-toggle-icon elementor-toggle-icon-left\" aria-hidden=\"true\">\n\t\t\t\t\t\t\t\t\t\t\t\t\t\t\t<span class=\"elementor-toggle-icon-closed\"><i class=\"fas fa-caret-right\"><\/i><\/span>\n\t\t\t\t\t\t\t\t<span class=\"elementor-toggle-icon-opened\"><i class=\"elementor-toggle-icon-opened fas fa-caret-up\"><\/i><\/span>\n\t\t\t\t\t\t\t\t\t\t\t\t\t<\/span>\n\t\t\t\t\t\t\t\t\t\t\t\t<a class=\"elementor-toggle-title\" tabindex=\"0\">Exposants<\/a>\n\t\t\t\t\t<\/div>\n\n\t\t\t\t\t<div id=\"elementor-tab-content-5391\" class=\"elementor-tab-content elementor-clearfix\" data-tab=\"1\" role=\"region\" aria-labelledby=\"elementor-tab-title-5391\">\n<figure class=\"wp-block-image size-large\"><img decoding=\"async\" width=\"724\" height=\"1024\" class=\"wp-image-1867\" src=\"http:\/\/promotion-quarre-morvan.fr\/wp-content\/uploads\/2021\/10\/WEB-2021-Chataigne-Producteurs-page-1-724x1024.jpg\" alt=\"\" srcset=\"http:\/\/promotion-quarre-morvan.fr\/wp-content\/uploads\/2021\/10\/WEB-2021-Chataigne-Producteurs-page-1-724x1024.jpg 724w, http:\/\/promotion-quarre-morvan.fr\/wp-content\/uploads\/2021\/10\/WEB-2021-Chataigne-Producteurs-page-1-212x300.jpg 212w, http:\/\/promotion-quarre-morvan.fr\/wp-content\/uploads\/2021\/10\/WEB-2021-Chataigne-Producteurs-page-1-768x1086.jpg 768w, http:\/\/promotion-quarre-morvan.fr\/wp-content\/uploads\/2021\/10\/WEB-2021-Chataigne-Producteurs-page-1-1087x1536.jpg 1087w, http:\/\/promotion-quarre-morvan.fr\/wp-content\/uploads\/2021\/10\/WEB-2021-Chataigne-Producteurs-page-1-85x120.jpg 85w, http:\/\/promotion-quarre-morvan.fr\/wp-content\/uploads\/2021\/10\/WEB-2021-Chataigne-Producteurs-page-1.jpg 1240w\" sizes=\"(max-width: 724px) 100vw, 724px\" \/><\/figure>\n\n\n\n<figure class=\"wp-block-image size-large\"><img decoding=\"async\" width=\"724\" height=\"1024\" class=\"wp-image-1869\" src=\"http:\/\/promotion-quarre-morvan.fr\/wp-content\/uploads\/2021\/10\/WEB-2021-chataigne-Page-2-1-724x1024.jpg\" alt=\"\" srcset=\"http:\/\/promotion-quarre-morvan.fr\/wp-content\/uploads\/2021\/10\/WEB-2021-chataigne-Page-2-1-724x1024.jpg 724w, http:\/\/promotion-quarre-morvan.fr\/wp-content\/uploads\/2021\/10\/WEB-2021-chataigne-Page-2-1-212x300.jpg 212w, http:\/\/promotion-quarre-morvan.fr\/wp-content\/uploads\/2021\/10\/WEB-2021-chataigne-Page-2-1-768x1086.jpg 768w, http:\/\/promotion-quarre-morvan.fr\/wp-content\/uploads\/2021\/10\/WEB-2021-chataigne-Page-2-1-1087x1536.jpg 1087w, http:\/\/promotion-quarre-morvan.fr\/wp-content\/uploads\/2021\/10\/WEB-2021-chataigne-Page-2-1-85x120.jpg 85w, http:\/\/promotion-quarre-morvan.fr\/wp-content\/uploads\/2021\/10\/WEB-2021-chataigne-Page-2-1.jpg 1240w\" sizes=\"(max-width: 724px) 100vw, 724px\" \/><\/figure>\n\n\n\n<figure class=\"wp-block-image size-large is-resized\"><img loading=\"lazy\" decoding=\"async\" class=\"wp-image-1870\" src=\"http:\/\/promotion-quarre-morvan.fr\/wp-content\/uploads\/2021\/10\/WEB-2021-chataigne-page-3-724x1024.jpg\" alt=\"\" width=\"674\" height=\"953\" srcset=\"http:\/\/promotion-quarre-morvan.fr\/wp-content\/uploads\/2021\/10\/WEB-2021-chataigne-page-3-724x1024.jpg 724w, http:\/\/promotion-quarre-morvan.fr\/wp-content\/uploads\/2021\/10\/WEB-2021-chataigne-page-3-212x300.jpg 212w, http:\/\/promotion-quarre-morvan.fr\/wp-content\/uploads\/2021\/10\/WEB-2021-chataigne-page-3-768x1086.jpg 768w, http:\/\/promotion-quarre-morvan.fr\/wp-content\/uploads\/2021\/10\/WEB-2021-chataigne-page-3-1087x1536.jpg 1087w, http:\/\/promotion-quarre-morvan.fr\/wp-content\/uploads\/2021\/10\/WEB-2021-chataigne-page-3-85x120.jpg 85w, http:\/\/promotion-quarre-morvan.fr\/wp-content\/uploads\/2021\/10\/WEB-2021-chataigne-page-3.jpg 1240w\" sizes=\"(max-width: 674px) 100vw, 674px\" \/><\/figure>\n\n\n\n<figure class=\"wp-block-image size-large is-resized\"><img loading=\"lazy\" decoding=\"async\" class=\"wp-image-1871\" src=\"http:\/\/promotion-quarre-morvan.fr\/wp-content\/uploads\/2021\/10\/WEB-2021-chataigne-page-4-724x1024.jpg\" alt=\"\" width=\"772\" height=\"1092\" srcset=\"http:\/\/promotion-quarre-morvan.fr\/wp-content\/uploads\/2021\/10\/WEB-2021-chataigne-page-4-724x1024.jpg 724w, http:\/\/promotion-quarre-morvan.fr\/wp-content\/uploads\/2021\/10\/WEB-2021-chataigne-page-4-212x300.jpg 212w, http:\/\/promotion-quarre-morvan.fr\/wp-content\/uploads\/2021\/10\/WEB-2021-chataigne-page-4-768x1086.jpg 768w, http:\/\/promotion-quarre-morvan.fr\/wp-content\/uploads\/2021\/10\/WEB-2021-chataigne-page-4-1087x1536.jpg 1087w, http:\/\/promotion-quarre-morvan.fr\/wp-content\/uploads\/2021\/10\/WEB-2021-chataigne-page-4-85x120.jpg 85w, http:\/\/promotion-quarre-morvan.fr\/wp-content\/uploads\/2021\/10\/WEB-2021-chataigne-page-4.jpg 1240w\" sizes=\"(max-width: 772px) 100vw, 772px\" \/><\/figure>\n<\/div>\n\t\t\t\t<\/div>\n\t\t\t\t\t\t\t<div class=\"elementor-toggle-item\">\n\t\t\t\t\t<div id=\"elementor-tab-title-5392\" class=\"elementor-tab-title\" data-tab=\"2\" role=\"button\" aria-controls=\"elementor-tab-content-5392\" aria-expanded=\"false\">\n\t\t\t\t\t\t\t\t\t\t\t\t<span class=\"elementor-toggle-icon elementor-toggle-icon-left\" aria-hidden=\"true\">\n\t\t\t\t\t\t\t\t\t\t\t\t\t\t\t<span class=\"elementor-toggle-icon-closed\"><i class=\"fas fa-caret-right\"><\/i><\/span>\n\t\t\t\t\t\t\t\t<span class=\"elementor-toggle-icon-opened\"><i class=\"elementor-toggle-icon-opened fas fa-caret-up\"><\/i><\/span>\n\t\t\t\t\t\t\t\t\t\t\t\t\t<\/span>\n\t\t\t\t\t\t\t\t\t\t\t\t<a class=\"elementor-toggle-title\" tabindex=\"0\">Restaurateur<\/a>\n\t\t\t\t\t<\/div>\n\n\t\t\t\t\t<div id=\"elementor-tab-content-5392\" class=\"elementor-tab-content elementor-clearfix\" data-tab=\"2\" role=\"region\" aria-labelledby=\"elementor-tab-title-5392\">\n<p>Cette ann\u00e9e, au vu du contexte ind\u00e9cis il a \u00e9t\u00e9 d\u00e9cid\u00e9 de faire une F\u00eate de la ch\u00e2taigne sur 1 seule journ\u00e9e le dimanche 24 octobre dans le parc municipal de Quarre les Tombes o\u00f9 une trentaine d\u2019exposants producteurs vous attendront pour vous proposer leurs produits.<\/p>\n\n\n\n<p><br \/><strong>\u00a0l\u2019espace jeux a<\/strong>vec Ludo2 pour petits et plus grands sera dans la salle polyvalente<\/p>\n\n\n\n<p><br \/><strong>Restauration dans la salle polyvalente,<\/strong> avec un menu, \u00e0 base de ch\u00e2taignes et de produits des exposants, pr\u00e9par\u00e9 et servi par Philippe Briard Traiteur de Quarre les Tombes :\u00a0R\u00e9servations au\u00a0: 06.08.85.46.22\u00a0&#8211;\u00a0<a class=\"\" href=\"mailto:philippe-briard-traiteur@orange.fr\">philippe-briard-traiteur@orange.fr<\/a><\/p>\n\n\n\n<p><strong>Les restaurants de Quarre <\/strong>se joindront \u00e0 la f\u00eate et vous proposeront \u00e9galement un menu avec ch\u00e2taigne :<\/p>\n\n\n\n<p>&#8211; <strong>H\u00f4tel du Nord\/Restaurant le Saint Georges <\/strong>: 03 86 32 29 30\u00a0<\/p>\n\n\n\n<p>&#8211; <strong>Le Morvan :<\/strong> 03 86 32 29 29<\/p>\n\n\n\n<p>&#8211; <strong>Auberge de l\u2019Atre <\/strong>: 03 86 32 20 79<\/p>\n\n\n\n<figure class=\"wp-block-image size-large\"><img loading=\"lazy\" decoding=\"async\" width=\"724\" height=\"1024\" class=\"wp-image-1847\" src=\"http:\/\/promotion-quarre-morvan.fr\/wp-content\/uploads\/2021\/10\/2021-FETE-DE-LA-CHATAIGNE-menu-724x1024.jpg\" alt=\"\" srcset=\"http:\/\/promotion-quarre-morvan.fr\/wp-content\/uploads\/2021\/10\/2021-FETE-DE-LA-CHATAIGNE-menu-724x1024.jpg 724w, http:\/\/promotion-quarre-morvan.fr\/wp-content\/uploads\/2021\/10\/2021-FETE-DE-LA-CHATAIGNE-menu-212x300.jpg 212w, http:\/\/promotion-quarre-morvan.fr\/wp-content\/uploads\/2021\/10\/2021-FETE-DE-LA-CHATAIGNE-menu-768x1086.jpg 768w, http:\/\/promotion-quarre-morvan.fr\/wp-content\/uploads\/2021\/10\/2021-FETE-DE-LA-CHATAIGNE-menu-1087x1536.jpg 1087w, http:\/\/promotion-quarre-morvan.fr\/wp-content\/uploads\/2021\/10\/2021-FETE-DE-LA-CHATAIGNE-menu-85x120.jpg 85w, http:\/\/promotion-quarre-morvan.fr\/wp-content\/uploads\/2021\/10\/2021-FETE-DE-LA-CHATAIGNE-menu.jpg 1240w\" sizes=\"(max-width: 724px) 100vw, 724px\" \/><\/figure>\n<\/div>\n\t\t\t\t<\/div>\n\t\t\t\t\t\t\t\t<\/div>\n\t\t\t\t\t\t<\/div>\n\t\t\t\t<\/div>\n\t\t\t\t\t<\/div>\n\t\t<\/div>\n\t\t\t\t\t<\/div>\n\t\t<\/section>\n\t\t\t\t<\/div>\n\t\t","protected":false},"excerpt":{"rendered":"<p>Exposants Restaurateur Cette ann\u00e9e, au vu du contexte ind\u00e9cis il a \u00e9t\u00e9 d\u00e9cid\u00e9 de faire une F\u00eate de la ch\u00e2taigne sur 1 seule journ\u00e9e le dimanche 24 octobre dans le parc municipal de Quarre les Tombes o\u00f9 une trentaine d\u2019exposants producteurs vous attendront pour vous proposer leurs produits. \u00a0l\u2019espace jeux avec Ludo2 pour petits et [&hellip;]<\/p>\n","protected":false},"author":5380,"featured_media":0,"parent":0,"menu_order":0,"comment_status":"closed","ping_status":"closed","template":"","meta":{"footnotes":""},"class_list":["post-1856","page","type-page","status-publish","hentry"],"_links":{"self":[{"href":"http:\/\/promotion-quarre-morvan.fr\/index.php\/wp-json\/wp\/v2\/pages\/1856","targetHints":{"allow":["GET"]}}],"collection":[{"href":"http:\/\/promotion-quarre-morvan.fr\/index.php\/wp-json\/wp\/v2\/pages"}],"about":[{"href":"http:\/\/promotion-quarre-morvan.fr\/index.php\/wp-json\/wp\/v2\/types\/page"}],"author":[{"embeddable":true,"href":"http:\/\/promotion-quarre-morvan.fr\/index.php\/wp-json\/wp\/v2\/users\/5380"}],"replies":[{"embeddable":true,"href":"http:\/\/promotion-quarre-morvan.fr\/index.php\/wp-json\/wp\/v2\/comments?post=1856"}],"version-history":[{"count":8,"href":"http:\/\/promotion-quarre-morvan.fr\/index.php\/wp-json\/wp\/v2\/pages\/1856\/revisions"}],"predecessor-version":[{"id":2167,"href":"http:\/\/promotion-quarre-morvan.fr\/index.php\/wp-json\/wp\/v2\/pages\/1856\/revisions\/2167"}],"wp:attachment":[{"href":"http:\/\/promotion-quarre-morvan.fr\/index.php\/wp-json\/wp\/v2\/media?parent=1856"}],"curies":[{"name":"wp","href":"https:\/\/api.w.org\/{rel}","templated":true}]}}